{"id":1875,"date":"2025-05-21T08:30:46","date_gmt":"2025-05-21T08:30:46","guid":{"rendered":"https:\/\/dorukkristalyasam.com\/?post_type=product&#038;p=1875"},"modified":"2025-05-27T06:38:12","modified_gmt":"2025-05-27T06:38:12","slug":"safir-bileklik","status":"publish","type":"product","link":"https:\/\/dorukkristalyasam.com\/?product=safir-bileklik","title":{"rendered":"Safir Bileklik"},"content":{"rendered":"<p data-start=\"0\" data-end=\"315\"><strong data-start=\"0\" data-end=\"25\"><span class=\"_fadeIn_m1hgl_8\">Safir <\/span><span class=\"_fadeIn_m1hgl_8\">Ta\u015f\u0131 (<\/span><span class=\"_fadeIn_m1hgl_8\">Sapphire)<\/span><\/strong><br data-start=\"25\" data-end=\"28\" \/><span class=\"_fadeIn_m1hgl_8\">Safir, <\/span><span class=\"_fadeIn_m1hgl_8\">asaletin, <\/span><span class=\"_fadeIn_m1hgl_8\">bilgelik <\/span><span class=\"_fadeIn_m1hgl_8\">ve <\/span><span class=\"_fadeIn_m1hgl_8\">ruhsal <\/span><span class=\"_fadeIn_m1hgl_8\">sezginin <\/span><span class=\"_fadeIn_m1hgl_8\">ta\u015f\u0131d\u0131r. <\/span><span class=\"_fadeIn_m1hgl_8\">Derin <\/span><span class=\"_fadeIn_m1hgl_8\">mavi <\/span><span class=\"_fadeIn_m1hgl_8\">rengiyle <\/span><span class=\"_fadeIn_m1hgl_8\">tan\u0131nsa <\/span><span class=\"_fadeIn_m1hgl_8\">da <\/span><span class=\"_fadeIn_m1hgl_8\">asl\u0131nda <\/span><span class=\"_fadeIn_m1hgl_8\">pembe, <\/span><span class=\"_fadeIn_m1hgl_8\">sar\u0131, <\/span><span class=\"_fadeIn_m1hgl_8\">ye\u015fil, <\/span><span class=\"_fadeIn_m1hgl_8\">hatta <\/span><span class=\"_fadeIn_m1hgl_8\">beyaz <\/span><span class=\"_fadeIn_m1hgl_8\">gibi <\/span><span class=\"_fadeIn_m1hgl_8\">bir\u00e7ok <\/span><span class=\"_fadeIn_m1hgl_8\">rengi <\/span><span class=\"_fadeIn_m1hgl_8\">vard\u0131r. <\/span><span class=\"_fadeIn_m1hgl_8\">En <\/span><span class=\"_fadeIn_m1hgl_8\">bilineni <\/span><span class=\"_fadeIn_m1hgl_8\">ise <\/span><strong data-start=\"195\" data-end=\"213\"><span class=\"_fadeIn_m1hgl_8\">lacivert <\/span><span class=\"_fadeIn_m1hgl_8\">safir<\/span><\/strong><span class=\"_fadeIn_m1hgl_8\">dir. <\/span><span class=\"_fadeIn_m1hgl_8\">\u0130smi <\/span><span class=\"_fadeIn_m1hgl_8\">Latince \u201c<\/span><span class=\"_fadeIn_m1hgl_8\">saphirus\u201d <\/span><span class=\"_fadeIn_m1hgl_8\">ve <\/span><span class=\"_fadeIn_m1hgl_8\">Yunanca \u201c<\/span><span class=\"_fadeIn_m1hgl_8\">sappheiros\u201d <\/span><span class=\"_fadeIn_m1hgl_8\">kelimelerinden <\/span><span class=\"_fadeIn_m1hgl_8\">gelir, <\/span><span class=\"_fadeIn_m1hgl_8\">anlam\u0131: <\/span><em data-start=\"296\" data-end=\"314\"><span class=\"_fadeIn_m1hgl_8\">mavi <\/span><span class=\"_fadeIn_m1hgl_8\">de\u011ferli <\/span><span class=\"_fadeIn_m1hgl_8\">ta\u015f<\/span><\/em><span class=\"_fadeIn_m1hgl_8\">.<\/span><\/p>\n<hr data-start=\"317\" data-end=\"320\" \/>\n<h3 data-start=\"322\" data-end=\"350\"><span class=\"_fadeIn_m1hgl_8\">\ud83d\udc8e <\/span><span class=\"_fadeIn_m1hgl_8\">Fiziksel <\/span><span class=\"_fadeIn_m1hgl_8\">\u00d6zellikleri:<\/span><\/h3>\n<ul data-start=\"351\" data-end=\"547\">\n<li data-start=\"351\" data-end=\"434\">\n<p data-start=\"353\" data-end=\"434\"><span class=\"_fadeIn_m1hgl_8\">Renk: <\/span><span class=\"_fadeIn_m1hgl_8\">Genellikle <\/span><span class=\"_fadeIn_m1hgl_8\">koyu <\/span><span class=\"_fadeIn_m1hgl_8\">mavi, <\/span><span class=\"_fadeIn_m1hgl_8\">ama <\/span><span class=\"_fadeIn_m1hgl_8\">pembe, <\/span><span class=\"_fadeIn_m1hgl_8\">sar\u0131, <\/span><span class=\"_fadeIn_m1hgl_8\">ye\u015fil <\/span><span class=\"_fadeIn_m1hgl_8\">ve <\/span><span class=\"_fadeIn_m1hgl_8\">renksiz <\/span><span class=\"_fadeIn_m1hgl_8\">t\u00fcrleri <\/span><span class=\"_fadeIn_m1hgl_8\">de <\/span><span class=\"_fadeIn_m1hgl_8\">bulunur.<\/span><\/p>\n<\/li>\n<li data-start=\"435\" data-end=\"497\">\n<p data-start=\"437\" data-end=\"497\"><span class=\"_fadeIn_m1hgl_8\">Sertlik: <\/span><span class=\"_fadeIn_m1hgl_8\">9 (<\/span><span class=\"_fadeIn_m1hgl_8\">Mohs <\/span><span class=\"_fadeIn_m1hgl_8\">skalas\u0131nda) \u2013 <\/span><span class=\"_fadeIn_m1hgl_8\">olduk\u00e7a <\/span><span class=\"_fadeIn_m1hgl_8\">dayan\u0131kl\u0131 <\/span><span class=\"_fadeIn_m1hgl_8\">bir <\/span><span class=\"_fadeIn_m1hgl_8\">ta\u015ft\u0131r.<\/span><\/p>\n<\/li>\n<li data-start=\"498\" data-end=\"547\">\n<p data-start=\"500\" data-end=\"547\"><span class=\"_fadeIn_m1hgl_8\">Kristal <\/span><span class=\"_fadeIn_m1hgl_8\">Sistemi: <\/span><span class=\"_fadeIn_m1hgl_8\">Trigonal (<\/span><span class=\"_fadeIn_m1hgl_8\">korindon <\/span><span class=\"_fadeIn_m1hgl_8\">ailesinden)<\/span><\/p>\n<\/li>\n<\/ul>\n<hr data-start=\"549\" data-end=\"552\" \/>\n<h3 data-start=\"554\" data-end=\"596\"><span class=\"_fadeIn_m1hgl_8\">\ud83c\udf1f <\/span><span class=\"_fadeIn_m1hgl_8\">Enerjetik <\/span><span class=\"_fadeIn_m1hgl_8\">ve <\/span><span class=\"_fadeIn_m1hgl_8\">Spirit\u00fcel <\/span><span class=\"_fadeIn_m1hgl_8\">\u00d6zellikleri:<\/span><\/h3>\n<p data-start=\"598\" data-end=\"761\"><strong data-start=\"598\" data-end=\"630\"><span class=\"_fadeIn_m1hgl_8\">\ud83d\udd2e <\/span><span class=\"_fadeIn_m1hgl_8\">Sezgi <\/span><span class=\"_fadeIn_m1hgl_8\">ve <\/span><span class=\"_fadeIn_m1hgl_8\">Zihinsel <\/span><span class=\"_fadeIn_m1hgl_8\">Netlik:<\/span><\/strong><br data-start=\"630\" data-end=\"633\" \/><span class=\"_fadeIn_m1hgl_8\">\u00dc\u00e7\u00fcnc\u00fc <\/span><span class=\"_fadeIn_m1hgl_8\">g\u00f6z <\/span><span class=\"_fadeIn_m1hgl_8\">ve <\/span><span class=\"_fadeIn_m1hgl_8\">ta\u00e7 <\/span><span class=\"_fadeIn_m1hgl_8\">\u00e7akrayla <\/span><span class=\"_fadeIn_m1hgl_8\">g\u00fc\u00e7l\u00fc <\/span><span class=\"_fadeIn_m1hgl_8\">bir <\/span><span class=\"_fadeIn_m1hgl_8\">ba\u011f <\/span><span class=\"_fadeIn_m1hgl_8\">kurar. <\/span><span class=\"_fadeIn_m1hgl_8\">Sezgileri <\/span><span class=\"_fadeIn_m1hgl_8\">kuvvetlendirir, <\/span><span class=\"_fadeIn_m1hgl_8\">vizyonlar\u0131 <\/span><span class=\"_fadeIn_m1hgl_8\">netle\u015ftirir, <\/span><span class=\"_fadeIn_m1hgl_8\">ruhsal <\/span><span class=\"_fadeIn_m1hgl_8\">anlay\u0131\u015f\u0131 <\/span><span class=\"_fadeIn_m1hgl_8\">derinle\u015ftirir.<\/span><\/p>\n<p data-start=\"763\" data-end=\"906\"><strong data-start=\"763\" data-end=\"794\"><span class=\"_fadeIn_m1hgl_8\">\ud83d\udc99 <\/span><span class=\"_fadeIn_m1hgl_8\">Sakinlik <\/span><span class=\"_fadeIn_m1hgl_8\">ve <\/span><span class=\"_fadeIn_m1hgl_8\">\u0130\u00e7sel <\/span><span class=\"_fadeIn_m1hgl_8\">Huzur:<\/span><\/strong><br data-start=\"794\" data-end=\"797\" \/><span class=\"_fadeIn_m1hgl_8\">Zihni <\/span><span class=\"_fadeIn_m1hgl_8\">sakinle\u015ftirir, <\/span><span class=\"_fadeIn_m1hgl_8\">i\u00e7sel <\/span><span class=\"_fadeIn_m1hgl_8\">huzur <\/span><span class=\"_fadeIn_m1hgl_8\">verir. <\/span><span class=\"_fadeIn_m1hgl_8\">\u00d6zellikle <\/span><span class=\"_fadeIn_m1hgl_8\">meditasyonlarda <\/span><span class=\"_fadeIn_m1hgl_8\">kullan\u0131l\u0131nca <\/span><span class=\"_fadeIn_m1hgl_8\">zihinsel <\/span><span class=\"_fadeIn_m1hgl_8\">karma\u015fay\u0131 <\/span><span class=\"_fadeIn_m1hgl_8\">yat\u0131\u015ft\u0131r\u0131r.<\/span><\/p>\n<p data-start=\"908\" data-end=\"1061\"><strong data-start=\"908\" data-end=\"933\"><span class=\"_fadeIn_m1hgl_8\">\ud83d\udcda <\/span><span class=\"_fadeIn_m1hgl_8\">Bilgelik <\/span><span class=\"_fadeIn_m1hgl_8\">ve <\/span><span class=\"_fadeIn_m1hgl_8\">\u0130fade:<\/span><\/strong><br data-start=\"933\" data-end=\"936\" \/><span class=\"_fadeIn_m1hgl_8\">Safir, <\/span><span class=\"_fadeIn_m1hgl_8\">\u00f6\u011frenme <\/span><span class=\"_fadeIn_m1hgl_8\">iste\u011fini <\/span><span class=\"_fadeIn_m1hgl_8\">art\u0131r\u0131r, <\/span><span class=\"_fadeIn_m1hgl_8\">konsantrasyonu <\/span><span class=\"_fadeIn_m1hgl_8\">destekler. <\/span><span class=\"_fadeIn_m1hgl_8\">Ayn\u0131 <\/span><span class=\"_fadeIn_m1hgl_8\">zamanda <\/span><span class=\"_fadeIn_m1hgl_8\">do\u011fruyu <\/span><span class=\"_fadeIn_m1hgl_8\">ifade <\/span><span class=\"_fadeIn_m1hgl_8\">etme, <\/span><span class=\"_fadeIn_m1hgl_8\">hakikatle <\/span><span class=\"_fadeIn_m1hgl_8\">konu\u015fma <\/span><span class=\"_fadeIn_m1hgl_8\">cesareti <\/span><span class=\"_fadeIn_m1hgl_8\">verir.<\/span><\/p>\n<p data-start=\"1063\" data-end=\"1208\"><strong data-start=\"1063\" data-end=\"1089\"><span class=\"_fadeIn_m1hgl_8\">\ud83d\udee1\ufe0f <\/span><span class=\"_fadeIn_m1hgl_8\">Koruma <\/span><span class=\"_fadeIn_m1hgl_8\">ve <\/span><span class=\"_fadeIn_m1hgl_8\">Sadakat:<\/span><\/strong><br data-start=\"1089\" data-end=\"1092\" \/><span class=\"_fadeIn_m1hgl_8\">Eski <\/span><span class=\"_fadeIn_m1hgl_8\">\u00e7a\u011flarda <\/span><span class=\"_fadeIn_m1hgl_8\">k\u00f6t\u00fc <\/span><span class=\"_fadeIn_m1hgl_8\">niyetli <\/span><span class=\"_fadeIn_m1hgl_8\">d\u00fc\u015f\u00fcnceleri <\/span><span class=\"_fadeIn_m1hgl_8\">savu\u015fturmak <\/span><span class=\"_fadeIn_m1hgl_8\">i\u00e7in <\/span><span class=\"_fadeIn_m1hgl_8\">kullan\u0131lm\u0131\u015ft\u0131r. <\/span><span class=\"_fadeIn_m1hgl_8\">A\u015fkta <\/span><span class=\"_fadeIn_m1hgl_8\">sadakati, <\/span><span class=\"_fadeIn_m1hgl_8\">i\u015fte <\/span><span class=\"_fadeIn_m1hgl_8\">d\u00fcr\u00fcstl\u00fc\u011f\u00fc <\/span><span class=\"_fadeIn_m1hgl_8\">temsil <\/span><span class=\"_fadeIn_m1hgl_8\">eder.<\/span><\/p>\n<hr data-start=\"1210\" data-end=\"1213\" \/>\n<h3 data-start=\"1215\" data-end=\"1250\"><span class=\"_fadeIn_m1hgl_8\">\ud83e\uddd8\u200d\u2640\ufe0f <\/span><span class=\"_fadeIn_m1hgl_8\">Hangi <\/span><span class=\"_fadeIn_m1hgl_8\">\u00c7akralarla <\/span><span class=\"_fadeIn_m1hgl_8\">\u00c7al\u0131\u015f\u0131r?<\/span><\/h3>\n<ul data-start=\"1251\" data-end=\"1438\">\n<li data-start=\"1251\" data-end=\"1310\">\n<p data-start=\"1253\" data-end=\"1310\"><strong data-start=\"1253\" data-end=\"1282\"><span class=\"_fadeIn_m1hgl_8\">Bo\u011faz <\/span><span class=\"_fadeIn_m1hgl_8\">\u00c7akras\u0131 (<\/span><span class=\"_fadeIn_m1hgl_8\">5. <\/span><span class=\"_fadeIn_m1hgl_8\">\u00c7akra):<\/span><\/strong> <span class=\"_fadeIn_m1hgl_8\">\u0130fade, <\/span><span class=\"_fadeIn_m1hgl_8\">d\u00fcr\u00fcstl\u00fck, <\/span><span class=\"_fadeIn_m1hgl_8\">ileti\u015fim.<\/span><\/p>\n<\/li>\n<li data-start=\"1311\" data-end=\"1382\">\n<p data-start=\"1313\" data-end=\"1382\"><strong data-start=\"1313\" data-end=\"1347\"><span class=\"_fadeIn_m1hgl_8\">\u00dc\u00e7\u00fcnc\u00fc <\/span><span class=\"_fadeIn_m1hgl_8\">G\u00f6z <\/span><span class=\"_fadeIn_m1hgl_8\">\u00c7akras\u0131 (<\/span><span class=\"_fadeIn_m1hgl_8\">6. <\/span><span class=\"_fadeIn_m1hgl_8\">\u00c7akra):<\/span><\/strong> <span class=\"_fadeIn_m1hgl_8\">Sezgi, <\/span><span class=\"_fadeIn_m1hgl_8\">i\u00e7sel <\/span><span class=\"_fadeIn_m1hgl_8\">g\u00f6r\u00fc\u015f, <\/span><span class=\"_fadeIn_m1hgl_8\">ruhsal <\/span><span class=\"_fadeIn_m1hgl_8\">vizyon.<\/span><\/p>\n<\/li>\n<li data-start=\"1383\" data-end=\"1438\">\n<p data-start=\"1385\" data-end=\"1438\"><strong data-start=\"1385\" data-end=\"1410\"><span class=\"_fadeIn_m1hgl_8\">Ta\u00e7 <\/span><span class=\"_fadeIn_m1hgl_8\">\u00c7akra (<\/span><span class=\"_fadeIn_m1hgl_8\">7. <\/span><span class=\"_fadeIn_m1hgl_8\">\u00c7akra):<\/span><\/strong> <span class=\"_fadeIn_m1hgl_8\">\u0130lahi <\/span><span class=\"_fadeIn_m1hgl_8\">ba\u011flant\u0131, <\/span><span class=\"_fadeIn_m1hgl_8\">ayd\u0131nlanma.<\/span><\/p>\n<\/li>\n<\/ul>\n<hr data-start=\"1440\" data-end=\"1443\" \/>\n<h3 data-start=\"1445\" data-end=\"1468\"><span class=\"_fadeIn_m1hgl_8\">\u2728 <\/span><span class=\"_fadeIn_m1hgl_8\">Nas\u0131l <\/span><span class=\"_fadeIn_m1hgl_8\">Kullan\u0131l\u0131r?<\/span><\/h3>\n<ul data-start=\"1469\" data-end=\"1725\">\n<li data-start=\"1469\" data-end=\"1569\">\n<p data-start=\"1471\" data-end=\"1569\"><strong data-start=\"1471\" data-end=\"1491\"><span class=\"_fadeIn_m1hgl_8\">Meditasyonlarda:<\/span><\/strong> <span class=\"_fadeIn_m1hgl_8\">Aln\u0131na <\/span><span class=\"_fadeIn_m1hgl_8\">veya <\/span><span class=\"_fadeIn_m1hgl_8\">ba\u015f\u0131n <\/span><span class=\"_fadeIn_m1hgl_8\">\u00fcst\u00fcne <\/span><span class=\"_fadeIn_m1hgl_8\">yerle\u015ftirilerek <\/span><span class=\"_fadeIn_m1hgl_8\">derin <\/span><span class=\"_fadeIn_m1hgl_8\">sezgi <\/span><span class=\"_fadeIn_m1hgl_8\">\u00e7al\u0131\u015fmalar\u0131 <\/span><span class=\"_fadeIn_m1hgl_8\">yap\u0131labilir.<\/span><\/p>\n<\/li>\n<li data-start=\"1570\" data-end=\"1644\">\n<p data-start=\"1572\" data-end=\"1644\"><strong data-start=\"1572\" data-end=\"1588\"><span class=\"_fadeIn_m1hgl_8\">Tak\u0131 <\/span><span class=\"_fadeIn_m1hgl_8\">olarak:<\/span><\/strong> <span class=\"_fadeIn_m1hgl_8\">Bilgelik, <\/span><span class=\"_fadeIn_m1hgl_8\">ileti\u015fim <\/span><span class=\"_fadeIn_m1hgl_8\">ve <\/span><span class=\"_fadeIn_m1hgl_8\">koruma <\/span><span class=\"_fadeIn_m1hgl_8\">enerjisini <\/span><span class=\"_fadeIn_m1hgl_8\">g\u00fcn <\/span><span class=\"_fadeIn_m1hgl_8\">boyu <\/span><span class=\"_fadeIn_m1hgl_8\">ta\u015f\u0131r.<\/span><\/p>\n<\/li>\n<li data-start=\"1645\" data-end=\"1725\">\n<p data-start=\"1647\" data-end=\"1725\"><strong data-start=\"1647\" data-end=\"1671\"><span class=\"_fadeIn_m1hgl_8\">\u00c7al\u0131\u015fma <\/span><span class=\"_fadeIn_m1hgl_8\">alanlar\u0131nda:<\/span><\/strong> <span class=\"_fadeIn_m1hgl_8\">Zihinsel <\/span><span class=\"_fadeIn_m1hgl_8\">netlik <\/span><span class=\"_fadeIn_m1hgl_8\">ve <\/span><span class=\"_fadeIn_m1hgl_8\">odak <\/span><span class=\"_fadeIn_m1hgl_8\">sa\u011flamak <\/span><span class=\"_fadeIn_m1hgl_8\">i\u00e7in <\/span><span class=\"_fadeIn_m1hgl_8\">kullan\u0131labilir.<\/span><\/p>\n<\/li>\n<\/ul>\n<hr data-start=\"1727\" data-end=\"1730\" \/>\n<h3 data-start=\"1732\" data-end=\"1762\"><span class=\"_fadeIn_m1hgl_8\">\ud83e\uddfc <\/span><span class=\"_fadeIn_m1hgl_8\">Temizleme <\/span><span class=\"_fadeIn_m1hgl_8\">ve <\/span><span class=\"_fadeIn_m1hgl_8\">\u015earj <\/span><span class=\"_fadeIn_m1hgl_8\">Etme:<\/span><\/h3>\n<ul data-start=\"1763\" data-end=\"1926\">\n<li data-start=\"1763\" data-end=\"1847\">\n<p data-start=\"1765\" data-end=\"1847\"><strong data-start=\"1765\" data-end=\"1779\"><span class=\"_fadeIn_m1hgl_8\">Temizleme:<\/span><\/strong> <span class=\"_fadeIn_m1hgl_8\">Selenit, <\/span><span class=\"_fadeIn_m1hgl_8\">ada\u00e7ay\u0131 <\/span><span class=\"_fadeIn_m1hgl_8\">t\u00fcts\u00fcs\u00fc <\/span><span class=\"_fadeIn_m1hgl_8\">veya <\/span><span class=\"_fadeIn_m1hgl_8\">akan <\/span><span class=\"_fadeIn_m1hgl_8\">su <\/span><span class=\"_fadeIn_m1hgl_8\">alt\u0131nda <\/span><span class=\"_fadeIn_m1hgl_8\">k\u0131sa <\/span><span class=\"_fadeIn_m1hgl_8\">s\u00fcreli <\/span><span class=\"_fadeIn_m1hgl_8\">bekletme.<\/span><\/p>\n<\/li>\n<li data-start=\"1848\" data-end=\"1926\">\n<p data-start=\"1850\" data-end=\"1926\"><strong data-start=\"1850\" data-end=\"1859\"><span class=\"_fadeIn_m1hgl_8\">\u015earj:<\/span><\/strong> <span class=\"_fadeIn_m1hgl_8\">Ay <\/span><span class=\"_fadeIn_m1hgl_8\">\u0131\u015f\u0131\u011f\u0131 <\/span><span class=\"_fadeIn_m1hgl_8\">ya <\/span><span class=\"_fadeIn_m1hgl_8\">da <\/span><span class=\"_fadeIn_m1hgl_8\">ametist <\/span><span class=\"_fadeIn_m1hgl_8\">k\u00fcme <\/span><span class=\"_fadeIn_m1hgl_8\">\u00fczerinde <\/span><span class=\"_fadeIn_m1hgl_8\">bekletilerek <\/span><span class=\"_fadeIn_m1hgl_8\">\u015farj <\/span><span class=\"_fadeIn_m1hgl_8\">edilebilir.<\/span><\/p>\n<\/li>\n<\/ul>\n","protected":false},"excerpt":{"rendered":"<p>Safir Ta\u015f\u0131 (Sapphire)Safir, asaletin, bilgelik ve ruhsal sezginin ta\u015f\u0131d\u0131r. Derin mavi rengiyle tan\u0131nsa da asl\u0131nda pembe, sar\u0131, ye\u015fil, hatta beyaz gibi bir\u00e7ok rengi vard\u0131r. En bilineni ise lacivert safirdir. \u0130smi Latince \u201csaphirus\u201d ve Yunanca \u201csappheiros\u201d kelimelerinden gelir, anlam\u0131: mavi de\u011ferli ta\u015f. \ud83d\udc8e Fiziksel \u00d6zellikleri: Renk: Genellikle koyu mavi, ama pembe, sar\u0131, ye\u015fil ve renksiz t\u00fcrleri [&hellip;]<\/p>\n","protected":false},"featured_media":1889,"comment_status":"open","ping_status":"closed","template":"","meta":{"ocean_post_layout":"","ocean_both_sidebars_style":"","ocean_both_sidebars_content_width":0,"ocean_both_sidebars_sidebars_width":0,"ocean_sidebar":"0","ocean_second_sidebar":"0","ocean_disable_margins":"enable","ocean_add_body_class":"","ocean_shortcode_before_top_bar":"","ocean_shortcode_after_top_bar":"","ocean_shortcode_before_header":"","ocean_shortcode_after_header":"","ocean_has_shortcode":"","ocean_shortcode_after_title":"","ocean_shortcode_before_footer_widgets":"","ocean_shortcode_after_footer_widgets":"","ocean_shortcode_before_footer_bottom":"","ocean_shortcode_after_footer_bottom":"","ocean_display_top_bar":"default","ocean_display_header":"default","ocean_header_style":"","ocean_center_header_left_menu":"0","ocean_custom_header_template":"0","ocean_custom_logo":0,"ocean_custom_retina_logo":0,"ocean_custom_logo_max_width":0,"ocean_custom_logo_tablet_max_width":0,"ocean_custom_logo_mobile_max_width":0,"ocean_custom_logo_max_height":0,"ocean_custom_logo_tablet_max_height":0,"ocean_custom_logo_mobile_max_height":0,"ocean_header_custom_menu":"0","ocean_menu_typo_font_family":"0","ocean_menu_typo_font_subset":"","ocean_menu_typo_font_size":0,"ocean_menu_typo_font_size_tablet":0,"ocean_menu_typo_font_size_mobile":0,"ocean_menu_typo_font_size_unit":"px","ocean_menu_typo_font_weight":"","ocean_menu_typo_font_weight_tablet":"","ocean_menu_typo_font_weight_mobile":"","ocean_menu_typo_transform":"","ocean_menu_typo_transform_tablet":"","ocean_menu_typo_transform_mobile":"","ocean_menu_typo_line_height":0,"ocean_menu_typo_line_height_tablet":0,"ocean_menu_typo_line_height_mobile":0,"ocean_menu_typo_line_height_unit":"","ocean_menu_typo_spacing":0,"ocean_menu_typo_spacing_tablet":0,"ocean_menu_typo_spacing_mobile":0,"ocean_menu_typo_spacing_unit":"","ocean_menu_link_color":"","ocean_menu_link_color_hover":"","ocean_menu_link_color_active":"","ocean_menu_link_background":"","ocean_menu_link_hover_background":"","ocean_menu_link_active_background":"","ocean_menu_social_links_bg":"","ocean_menu_social_hover_links_bg":"","ocean_menu_social_links_color":"","ocean_menu_social_hover_links_color":"","ocean_disable_title":"default","ocean_disable_heading":"default","ocean_post_title":"","ocean_post_subheading":"","ocean_post_title_style":"","ocean_post_title_background_color":"","ocean_post_title_background":0,"ocean_post_title_bg_image_position":"","ocean_post_title_bg_image_attachment":"","ocean_post_title_bg_image_repeat":"","ocean_post_title_bg_image_size":"","ocean_post_title_height":0,"ocean_post_title_bg_overlay":0.5,"ocean_post_title_bg_overlay_color":"","ocean_disable_breadcrumbs":"default","ocean_breadcrumbs_color":"","ocean_breadcrumbs_separator_color":"","ocean_breadcrumbs_links_color":"","ocean_breadcrumbs_links_hover_color":"","ocean_display_footer_widgets":"default","ocean_display_footer_bottom":"default","ocean_custom_footer_template":"0","omw_enable_modal_window":"enable"},"product_brand":[],"product_cat":[30],"product_tag":[],"class_list":{"0":"post-1875","1":"product","2":"type-product","3":"status-publish","4":"has-post-thumbnail","6":"product_cat-bileklikler","8":"entry","9":"has-media","11":"first","12":"instock","13":"shipping-taxable","14":"purchasable","15":"product-type-simple","16":"col","17":"span_1_of_3","18":"owp-content-center","19":"owp-thumbs-layout-horizontal","20":"owp-btn-normal","21":"owp-tabs-layout-horizontal","22":"has-no-thumbnails"},"_links":{"self":[{"href":"https:\/\/dorukkristalyasam.com\/index.php?rest_route=\/wp\/v2\/product\/1875","targetHints":{"allow":["GET"]}}],"collection":[{"href":"https:\/\/dorukkristalyasam.com\/index.php?rest_route=\/wp\/v2\/product"}],"about":[{"href":"https:\/\/dorukkristalyasam.com\/index.php?rest_route=\/wp\/v2\/types\/product"}],"replies":[{"embeddable":true,"href":"https:\/\/dorukkristalyasam.com\/index.php?rest_route=%2Fwp%2Fv2%2Fcomments&post=1875"}],"wp:featuredmedia":[{"embeddable":true,"href":"https:\/\/dorukkristalyasam.com\/index.php?rest_route=\/wp\/v2\/media\/1889"}],"wp:attachment":[{"href":"https:\/\/dorukkristalyasam.com\/index.php?rest_route=%2Fwp%2Fv2%2Fmedia&parent=1875"}],"wp:term":[{"taxonomy":"product_brand","embeddable":true,"href":"https:\/\/dorukkristalyasam.com\/index.php?rest_route=%2Fwp%2Fv2%2Fproduct_brand&post=1875"},{"taxonomy":"product_cat","embeddable":true,"href":"https:\/\/dorukkristalyasam.com\/index.php?rest_route=%2Fwp%2Fv2%2Fproduct_cat&post=1875"},{"taxonomy":"product_tag","embeddable":true,"href":"https:\/\/dorukkristalyasam.com\/index.php?rest_route=%2Fwp%2Fv2%2Fproduct_tag&post=1875"}],"curies":[{"name":"wp","href":"https:\/\/api.w.org\/{rel}","templated":true}]}}