{"id":1578,"date":"2024-08-23T14:19:40","date_gmt":"2024-08-23T14:19:40","guid":{"rendered":"https:\/\/dorukkristalyasam.com\/?post_type=product&#038;p=1578"},"modified":"2025-09-15T17:32:21","modified_gmt":"2025-09-15T17:32:21","slug":"reiki-egitimi","status":"publish","type":"product","link":"https:\/\/dorukkristalyasam.com\/?product=reiki-egitimi","title":{"rendered":"Reiki E\u011fitimi &#8211; 1-2-3A -3B"},"content":{"rendered":"<p>Reiki 1-2-3 &amp; 3B E\u011fitimi | Kendine Dokunmaya Haz\u0131r m\u0131s\u0131n?<\/p>\n<p>Bu yolculuk bir enerji \u00e7al\u0131\u015fmas\u0131 de\u011fil, kendine at\u0131lan bir sevgi ad\u0131m\u0131d\u0131r\u2026<br \/>\nReiki&#8217;nin \u015fefkatli elleriyle \u00f6nce bedenini, sonra kalbini ve ruhunu dinlemeyi \u00f6\u011frenirsin.<\/p>\n<p>Reiki 1\u2019de kendini tan\u0131r,<\/p>\n<p>2\u2019de d\u00f6n\u00fc\u015f\u00fcr,<\/p>\n<p>3\u2019te i\u00e7sel rehberinle bulu\u015fursun.<br \/>\nVe 3B ile bilgeli\u011fini aktarmaya, ba\u015fkalar\u0131n\u0131n \u0131\u015f\u0131\u011f\u0131n\u0131 uyand\u0131rmaya ba\u015flars\u0131n.<\/p>\n<p>Bu e\u011fitimlerde sadece teknik \u00f6\u011frenmiyorsun\u2026<br \/>\nKendi merkezine k\u00f6kleniyor, evrensel ya\u015fam enerjisiyle ba\u011f kuruyorsun.<br \/>\nKalbini hat\u0131rl\u0131yor, ellerinle \u015fifa ta\u015f\u0131yorsun.<\/p>\n<p>Haz\u0131rsan;<br \/>\nEnerjiye g\u00fcvenmeyi, hislerini dinlemeyi, frekans\u0131n\u0131 y\u00fckseltmeyi<br \/>\nve hayat\u0131na saf sevgiyle dokunmay\u0131 birlikte deneyimleyelim.<\/p>\n<p><strong>RE\u0130:<\/strong>\u00a0<strong><em>Evrensel, K\u0130: ya\u015fam enerji demektir.\u00a0<\/em><\/strong>Japonca bir kelimedir. Evrende zaten var olan bizlerin beslendi\u011fi ya\u015fam enerjisi. Bu enerji evrendeki her \u015feyi birbirine ba\u011flar. Yakla\u015f\u0131k \u00fc\u00e7 ya\u015f\u0131na kadar sorunsuz bir bi\u00e7imde beslendi\u011fimiz, daha sonralar\u0131 zihinsel bak\u0131\u015f a\u00e7\u0131m\u0131zla olu\u015fturdu\u011fumuz blokajlar nedeniyle sa\u011fl\u0131kl\u0131 bir bi\u00e7imde beslenemedi\u011fimiz enerjidir Reiki.<\/p>\n","protected":false},"excerpt":{"rendered":"<p>E\u011fitim s\u00fcresi 4 g\u00fcnd\u00fcr.<\/p>\n<p>\u00d6deme yap\u0131ld\u0131ktan sonra taraf\u0131n\u0131za g\u00f6nderilecek olan \u015fifre ile e\u011fitime kat\u0131labilirsiniz.<\/p>\n<p>&nbsp;<\/p>\n","protected":false},"featured_media":1454,"comment_status":"open","ping_status":"closed","template":"","meta":{"ocean_post_layout":"","ocean_both_sidebars_style":"","ocean_both_sidebars_content_width":0,"ocean_both_sidebars_sidebars_width":0,"ocean_sidebar":"0","ocean_second_sidebar":"0","ocean_disable_margins":"enable","ocean_add_body_class":"","ocean_shortcode_before_top_bar":"","ocean_shortcode_after_top_bar":"","ocean_shortcode_before_header":"","ocean_shortcode_after_header":"","ocean_has_shortcode":"","ocean_shortcode_after_title":"","ocean_shortcode_before_footer_widgets":"","ocean_shortcode_after_footer_widgets":"","ocean_shortcode_before_footer_bottom":"","ocean_shortcode_after_footer_bottom":"","ocean_display_top_bar":"default","ocean_display_header":"default","ocean_header_style":"","ocean_center_header_left_menu":"0","ocean_custom_header_template":"0","ocean_custom_logo":0,"ocean_custom_retina_logo":0,"ocean_custom_logo_max_width":0,"ocean_custom_logo_tablet_max_width":0,"ocean_custom_logo_mobile_max_width":0,"ocean_custom_logo_max_height":0,"ocean_custom_logo_tablet_max_height":0,"ocean_custom_logo_mobile_max_height":0,"ocean_header_custom_menu":"0","ocean_menu_typo_font_family":"0","ocean_menu_typo_font_subset":"","ocean_menu_typo_font_size":0,"ocean_menu_typo_font_size_tablet":0,"ocean_menu_typo_font_size_mobile":0,"ocean_menu_typo_font_size_unit":"px","ocean_menu_typo_font_weight":"","ocean_menu_typo_font_weight_tablet":"","ocean_menu_typo_font_weight_mobile":"","ocean_menu_typo_transform":"","ocean_menu_typo_transform_tablet":"","ocean_menu_typo_transform_mobile":"","ocean_menu_typo_line_height":0,"ocean_menu_typo_line_height_tablet":0,"ocean_menu_typo_line_height_mobile":0,"ocean_menu_typo_line_height_unit":"","ocean_menu_typo_spacing":0,"ocean_menu_typo_spacing_tablet":0,"ocean_menu_typo_spacing_mobile":0,"ocean_menu_typo_spacing_unit":"","ocean_menu_link_color":"","ocean_menu_link_color_hover":"","ocean_menu_link_color_active":"","ocean_menu_link_background":"","ocean_menu_link_hover_background":"","ocean_menu_link_active_background":"","ocean_menu_social_links_bg":"","ocean_menu_social_hover_links_bg":"","ocean_menu_social_links_color":"","ocean_menu_social_hover_links_color":"","ocean_disable_title":"default","ocean_disable_heading":"default","ocean_post_title":"","ocean_post_subheading":"","ocean_post_title_style":"","ocean_post_title_background_color":"","ocean_post_title_background":0,"ocean_post_title_bg_image_position":"","ocean_post_title_bg_image_attachment":"","ocean_post_title_bg_image_repeat":"","ocean_post_title_bg_image_size":"","ocean_post_title_height":0,"ocean_post_title_bg_overlay":0.5,"ocean_post_title_bg_overlay_color":"","ocean_disable_breadcrumbs":"default","ocean_breadcrumbs_color":"","ocean_breadcrumbs_separator_color":"","ocean_breadcrumbs_links_color":"","ocean_breadcrumbs_links_hover_color":"","ocean_display_footer_widgets":"default","ocean_display_footer_bottom":"default","ocean_custom_footer_template":"0","omw_enable_modal_window":"enable"},"product_brand":[],"product_cat":[37],"product_tag":[],"class_list":{"0":"post-1578","1":"product","2":"type-product","3":"status-publish","4":"has-post-thumbnail","6":"product_cat-egitim","8":"entry","9":"has-media","11":"first","12":"instock","13":"shipping-taxable","14":"purchasable","15":"product-type-simple","16":"col","17":"span_1_of_3","18":"owp-content-center","19":"owp-thumbs-layout-horizontal","20":"owp-btn-normal","21":"owp-tabs-layout-horizontal","22":"has-no-thumbnails"},"_links":{"self":[{"href":"https:\/\/dorukkristalyasam.com\/index.php?rest_route=\/wp\/v2\/product\/1578","targetHints":{"allow":["GET"]}}],"collection":[{"href":"https:\/\/dorukkristalyasam.com\/index.php?rest_route=\/wp\/v2\/product"}],"about":[{"href":"https:\/\/dorukkristalyasam.com\/index.php?rest_route=\/wp\/v2\/types\/product"}],"replies":[{"embeddable":true,"href":"https:\/\/dorukkristalyasam.com\/index.php?rest_route=%2Fwp%2Fv2%2Fcomments&post=1578"}],"wp:featuredmedia":[{"embeddable":true,"href":"https:\/\/dorukkristalyasam.com\/index.php?rest_route=\/wp\/v2\/media\/1454"}],"wp:attachment":[{"href":"https:\/\/dorukkristalyasam.com\/index.php?rest_route=%2Fwp%2Fv2%2Fmedia&parent=1578"}],"wp:term":[{"taxonomy":"product_brand","embeddable":true,"href":"https:\/\/dorukkristalyasam.com\/index.php?rest_route=%2Fwp%2Fv2%2Fproduct_brand&post=1578"},{"taxonomy":"product_cat","embeddable":true,"href":"https:\/\/dorukkristalyasam.com\/index.php?rest_route=%2Fwp%2Fv2%2Fproduct_cat&post=1578"},{"taxonomy":"product_tag","embeddable":true,"href":"https:\/\/dorukkristalyasam.com\/index.php?rest_route=%2Fwp%2Fv2%2Fproduct_tag&post=1578"}],"curies":[{"name":"wp","href":"https:\/\/api.w.org\/{rel}","templated":true}]}}