{"id":1577,"date":"2024-08-23T14:17:38","date_gmt":"2024-08-23T14:17:38","guid":{"rendered":"https:\/\/dorukkristalyasam.com\/?post_type=product&#038;p=1577"},"modified":"2026-01-13T21:03:31","modified_gmt":"2026-01-13T21:03:31","slug":"regresyon-egitimi","status":"publish","type":"product","link":"https:\/\/dorukkristalyasam.com\/?product=regresyon-egitimi","title":{"rendered":"Regresyon E\u011fitimi"},"content":{"rendered":"<p>Regresyon E\u011fitimi | Ruhunun Haf\u0131zas\u0131na Yolculuk<\/p>\n<p>Zihninin \u00f6tesine ge\u00e7meye, kalbinin sessizli\u011finde sakl\u0131 ge\u00e7mi\u015f hik\u00e2yeleri duymaya haz\u0131r m\u0131s\u0131n?<\/p>\n<p>Regresyon, sadece ge\u00e7mi\u015f ya\u015famlarla de\u011fil; bu ya\u015famda bast\u0131rd\u0131\u011f\u0131n, unuttu\u011fun ama bedeninde ve ruhunda iz b\u0131rakan kay\u0131tlarla bulu\u015fmand\u0131r.<br \/>\nBu e\u011fitimde; hem kendi i\u00e7 yolculu\u011funu derinle\u015ftiriyor, hem de ba\u015fkalar\u0131na alan tutmay\u0131 \u00f6\u011freniyorsun.<br \/>\n\u015eifan\u0131n k\u00f6k\u00fcne iniyor, g\u00f6r\u00fcnenin ard\u0131ndaki g\u00f6r\u00fcnmeyeni fark ediyorsun.<\/p>\n<p>Bilin\u00e7alt\u0131n\u0131n labirentlerinde dola\u015f\u0131rken, sadece ge\u00e7mi\u015fi de\u011fil; gelece\u011fi de yeniden yazmaya ba\u015fl\u0131yoruz birlikte\u2026<br \/>\n\u00c7\u00fcnk\u00fc her fark edi\u015f, yeni bir ba\u015flang\u0131\u00e7t\u0131r.<\/p>\n<p>Regresyon,\u00a0<b>istatistiksel bir analiz tekni\u011fidir ve de\u011fi\u015fkenler aras\u0131ndaki ili\u015fkiyi belirlemek i\u00e7in kullan\u0131l\u0131r<\/b>. Bu teknik, ba\u011f\u0131ms\u0131z de\u011fi\u015fkenlerin bir veya daha fazla ba\u011f\u0131ml\u0131 de\u011fi\u015fken \u00fczerindeki etkisini tahmin etmek i\u00e7in kullan\u0131l\u0131r. Regresyon analizi, verilerdeki e\u011filimleri ve kal\u0131plar\u0131 tan\u0131mlamak i\u00e7in kullan\u0131l\u0131r.<\/p>\n<p>E\u011fer i\u00e7indeki sesi duymaya, hik\u00e2yeleri d\u00f6n\u00fc\u015ft\u00fcrmeye ve ruhunun haf\u0131zas\u0131n\u0131 sevgiyle onarmaya haz\u0131rsan, seni bu g\u00fc\u00e7l\u00fc yolculu\u011fa davet ediyorum.<\/p>\n<p>&nbsp;<\/p>\n","protected":false},"excerpt":{"rendered":"<p>E\u011fitim s\u00fcresi 3 g\u00fcnd\u00fcr. \u00d6deme yap\u0131ld\u0131ktan sonra taraf\u0131n\u0131za g\u00f6nderilecek olan \u015fifre ile e\u011fitime kat\u0131labilirsiniz.<\/p>\n","protected":false},"featured_media":1452,"comment_status":"open","ping_status":"closed","template":"","meta":{"ocean_post_layout":"","ocean_both_sidebars_style":"","ocean_both_sidebars_content_width":0,"ocean_both_sidebars_sidebars_width":0,"ocean_sidebar":"0","ocean_second_sidebar":"0","ocean_disable_margins":"enable","ocean_add_body_class":"","ocean_shortcode_before_top_bar":"","ocean_shortcode_after_top_bar":"","ocean_shortcode_before_header":"","ocean_shortcode_after_header":"","ocean_has_shortcode":"","ocean_shortcode_after_title":"","ocean_shortcode_before_footer_widgets":"","ocean_shortcode_after_footer_widgets":"","ocean_shortcode_before_footer_bottom":"","ocean_shortcode_after_footer_bottom":"","ocean_display_top_bar":"default","ocean_display_header":"default","ocean_header_style":"","ocean_center_header_left_menu":"0","ocean_custom_header_template":"0","ocean_custom_logo":0,"ocean_custom_retina_logo":0,"ocean_custom_logo_max_width":0,"ocean_custom_logo_tablet_max_width":0,"ocean_custom_logo_mobile_max_width":0,"ocean_custom_logo_max_height":0,"ocean_custom_logo_tablet_max_height":0,"ocean_custom_logo_mobile_max_height":0,"ocean_header_custom_menu":"0","ocean_menu_typo_font_family":"0","ocean_menu_typo_font_subset":"","ocean_menu_typo_font_size":0,"ocean_menu_typo_font_size_tablet":0,"ocean_menu_typo_font_size_mobile":0,"ocean_menu_typo_font_size_unit":"px","ocean_menu_typo_font_weight":"","ocean_menu_typo_font_weight_tablet":"","ocean_menu_typo_font_weight_mobile":"","ocean_menu_typo_transform":"","ocean_menu_typo_transform_tablet":"","ocean_menu_typo_transform_mobile":"","ocean_menu_typo_line_height":0,"ocean_menu_typo_line_height_tablet":0,"ocean_menu_typo_line_height_mobile":0,"ocean_menu_typo_line_height_unit":"","ocean_menu_typo_spacing":0,"ocean_menu_typo_spacing_tablet":0,"ocean_menu_typo_spacing_mobile":0,"ocean_menu_typo_spacing_unit":"","ocean_menu_link_color":"","ocean_menu_link_color_hover":"","ocean_menu_link_color_active":"","ocean_menu_link_background":"","ocean_menu_link_hover_background":"","ocean_menu_link_active_background":"","ocean_menu_social_links_bg":"","ocean_menu_social_hover_links_bg":"","ocean_menu_social_links_color":"","ocean_menu_social_hover_links_color":"","ocean_disable_title":"default","ocean_disable_heading":"default","ocean_post_title":"","ocean_post_subheading":"","ocean_post_title_style":"","ocean_post_title_background_color":"","ocean_post_title_background":0,"ocean_post_title_bg_image_position":"","ocean_post_title_bg_image_attachment":"","ocean_post_title_bg_image_repeat":"","ocean_post_title_bg_image_size":"","ocean_post_title_height":0,"ocean_post_title_bg_overlay":0.5,"ocean_post_title_bg_overlay_color":"","ocean_disable_breadcrumbs":"default","ocean_breadcrumbs_color":"","ocean_breadcrumbs_separator_color":"","ocean_breadcrumbs_links_color":"","ocean_breadcrumbs_links_hover_color":"","ocean_display_footer_widgets":"default","ocean_display_footer_bottom":"default","ocean_custom_footer_template":"0","omw_enable_modal_window":"enable"},"product_brand":[],"product_cat":[37],"product_tag":[],"class_list":{"0":"post-1577","1":"product","2":"type-product","3":"status-publish","4":"has-post-thumbnail","6":"product_cat-egitim","8":"entry","9":"has-media","11":"first","12":"instock","13":"shipping-taxable","14":"purchasable","15":"product-type-simple","16":"col","17":"span_1_of_3","18":"owp-content-center","19":"owp-thumbs-layout-horizontal","20":"owp-btn-normal","21":"owp-tabs-layout-horizontal","22":"has-no-thumbnails"},"_links":{"self":[{"href":"https:\/\/dorukkristalyasam.com\/index.php?rest_route=\/wp\/v2\/product\/1577","targetHints":{"allow":["GET"]}}],"collection":[{"href":"https:\/\/dorukkristalyasam.com\/index.php?rest_route=\/wp\/v2\/product"}],"about":[{"href":"https:\/\/dorukkristalyasam.com\/index.php?rest_route=\/wp\/v2\/types\/product"}],"replies":[{"embeddable":true,"href":"https:\/\/dorukkristalyasam.com\/index.php?rest_route=%2Fwp%2Fv2%2Fcomments&post=1577"}],"wp:featuredmedia":[{"embeddable":true,"href":"https:\/\/dorukkristalyasam.com\/index.php?rest_route=\/wp\/v2\/media\/1452"}],"wp:attachment":[{"href":"https:\/\/dorukkristalyasam.com\/index.php?rest_route=%2Fwp%2Fv2%2Fmedia&parent=1577"}],"wp:term":[{"taxonomy":"product_brand","embeddable":true,"href":"https:\/\/dorukkristalyasam.com\/index.php?rest_route=%2Fwp%2Fv2%2Fproduct_brand&post=1577"},{"taxonomy":"product_cat","embeddable":true,"href":"https:\/\/dorukkristalyasam.com\/index.php?rest_route=%2Fwp%2Fv2%2Fproduct_cat&post=1577"},{"taxonomy":"product_tag","embeddable":true,"href":"https:\/\/dorukkristalyasam.com\/index.php?rest_route=%2Fwp%2Fv2%2Fproduct_tag&post=1577"}],"curies":[{"name":"wp","href":"https:\/\/api.w.org\/{rel}","templated":true}]}}