{"id":899,"date":"2020-12-15T01:54:59","date_gmt":"2020-12-15T01:54:59","guid":{"rendered":"https:\/\/dorukkristalyasam.com\/?page_id=899"},"modified":"2020-12-15T02:04:23","modified_gmt":"2020-12-15T02:04:23","slug":"astroloji","status":"publish","type":"page","link":"https:\/\/dorukkristalyasam.com\/?page_id=899","title":{"rendered":"ASTROLOJ\u0130"},"content":{"rendered":"\n<p><strong>Enerji Astrolojisi nedir?<\/strong><\/p>\n\n\n\n<p><strong>Albert Einstein<\/strong>\u2019a bir r\u00f6portaj\u0131nda \u015f\u00f6yle bir soru gelmi\u015f: <strong><em>\u201cSizce cevap bulunmas\u0131 gereken en \u00f6nemli soru nedir?\u201d<\/em><\/strong><\/p>\n\n\n\n<p><strong>Einstein<\/strong>\u2019\u0131n cevab\u0131 <strong><em>\u201cD\u00fcnya bizim dostumuz mu\u201d <\/em><\/strong>olmu\u015f.<\/p>\n\n\n\n<p>Bir \u00e7ocuk d\u00fcnyaya geldi\u011finde ilk nefesiyle beraber enerji boyutunda Einstein\u2019\u0131n sordu\u011fu sorunun ayn\u0131s\u0131n\u0131 sorar. \u201cD\u00fcnya benim dostum mu, g\u00fcvenli bir yerde miyim?\u201d<\/p>\n\n\n\n<p>Sorusuna ald\u0131\u011f\u0131 cevap ise \u00e7ocu\u011fun do\u011fdu\u011fu andaki y\u00fckselen burcunda sakl\u0131d\u0131r. \u00c7ocu\u011fun bir \u00f6m\u00fcr boyu d\u00fcnyay\u0131 nas\u0131l g\u00f6rece\u011fi ve dolay\u0131s\u0131yla nas\u0131l ba\u015fa \u00e7\u0131kmaya \u00e7al\u0131\u015faca\u011f\u0131 y\u00fckselen bur\u00e7 enerjisiyle \u015fekillenir.<\/p>\n\n\n\n<p>Y\u00fckselen bur\u00e7 Mars merkezidir ve 1. \u00c7akraya yerle\u015fmi\u015f olan enerjidir.<\/p>\n\n\n\n<p>Enerji astrolojisi bir do\u011fum haritas\u0131n\u0131n gelecekteki k\u0131s\u0131tl\u0131 bir d\u00f6nemdeki etkilerini haber vermekten \u00e7ok, bir \u00f6m\u00fcr boyu ne oldu\u011funu, neden oldu\u011funu, olanlar\u0131 fark\u0131ndal\u0131\u011fa ta\u015f\u0131yarak m\u00fcmk\u00fcn olan iyile\u015ftirmeyi sa\u011flamaya \u00e7al\u0131\u015fan bir harita yorum tarz\u0131d\u0131r&#8230;<\/p>\n\n\n\n<p><strong><em>Enerji Astroloji ile \u0130\u00e7indeki Enerjiyi Y\u00f6netmeyi \u00d6\u011fren,<br>\u201cKendinin Efendisi\u201d Ol<\/em><\/strong><\/p>\n\n\n\n<p><strong>MARS:<\/strong> Para ve temel ihtiya\u00e7lar, korkularla ba\u015fa \u00e7\u0131kma<\/p>\n\n\n\n<p><strong>VEN\u00dcS:<\/strong> Ne istedi\u011fini bilmek, hayattan keyif almak, arzularla ba\u015fa \u00e7\u0131kmak<\/p>\n\n\n\n<p><strong>G\u00dcNE\u015e:<\/strong> Kendine g\u00fcven, g\u00fc\u00e7l\u00fc hissetmek<\/p>\n\n\n\n<p><strong>AY:<\/strong> Sevgi ve yak\u0131n ili\u015fkiler, kalbi \u00e7evreleyen duvarlar\u0131 y\u0131kmak<\/p>\n\n\n\n<p><strong>MERK\u00dcR:<\/strong> Kendini g\u00fcvenle ve sevgiyle ifade edebilmek,<br>ileti\u015fimi g\u00fc\u00e7lendirmek<\/p>\n\n\n\n<p><strong>J\u00dcP\u0130TER:<\/strong> Kendi ger\u00e7e\u011fi ile ill\u00fczyon aras\u0131ndaki fark\u0131 fark etmek, kat\u0131 ahlaki de\u011ferlerden kurtulmak<\/p>\n\n\n\n<p><strong>SAT\u00dcR\u00dcN:<\/strong> Kendine ve yarad\u0131l\u0131\u015fa sayg\u0131 duymak, kaderini kucaklamak<\/p>\n\n\n\n<p>Enerji Astroloji ile hayat\u0131n her alan\u0131n\u0131 bir \u00fcst seviyeye ta\u015f\u0131y\u0131p, i\u00e7inizdeki enerjiyi y\u00f6netmeyi \u00f6\u011frenebilirsiniz.<\/p>\n\n\n\n<p>Enerji Astroloji\u2019de Mars, Ven\u00fcs, G\u00fcne\u015f, Ay, Merk\u00fcr, J\u00fcpiter ve Sat\u00fcrn merkezleri olarak ge\u00e7en \u00e7akra sistemi incelenmekte ve bedenimize yay\u0131lan g\u00f6ksel enerjilerin kar\u015f\u0131 koyamayaca\u011f\u0131m\u0131z etkileri dengelenmektedir.<\/p>\n\n\n\n<p>Do\u011fum haritas\u0131ndaki zorlu etkileri hafifletip dengeye sokan enerji egzersizleri, frekans \u00e7al\u0131\u015fmas\u0131 ve olumlamalar yoluyla i\u00e7inizde ta\u015f\u0131d\u0131\u011f\u0131n\u0131z enerjiyi ahenkli bir senfoni haline getirebilirsiniz.<\/p>\n\n\n\n<p>\u0130\u00e7inizin ahengi yerine oturdu\u011fu zaman d\u0131\u015f\u0131n\u0131zda da ayn\u0131 \u015fey olacak.<\/p>\n","protected":false},"excerpt":{"rendered":"<p>Enerji Astrolojisi nedir? Albert Einstein\u2019a bir r\u00f6portaj\u0131nda \u015f\u00f6yle bir soru gelmi\u015f: \u201cSizce cevap bulunmas\u0131 gereken en \u00f6nemli soru nedir?\u201d Einstein\u2019\u0131n cevab\u0131 \u201cD\u00fcnya bizim dostumuz mu\u201d olmu\u015f. Bir \u00e7ocuk d\u00fcnyaya geldi\u011finde ilk nefesiyle beraber enerji boyutunda Einstein\u2019\u0131n sordu\u011fu sorunun ayn\u0131s\u0131n\u0131 sorar. \u201cD\u00fcnya benim dostum mu, g\u00fcvenli bir yerde miyim?\u201d Sorusuna ald\u0131\u011f\u0131 cevap ise \u00e7ocu\u011fun do\u011fdu\u011fu andaki [&hellip;]<\/p>\n","protected":false},"author":1,"featured_media":0,"parent":0,"menu_order":0,"comment_status":"closed","ping_status":"closed","template":"","meta":{"ocean_post_layout":"","ocean_both_sidebars_style":"","ocean_both_sidebars_content_width":0,"ocean_both_sidebars_sidebars_width":0,"ocean_sidebar":"0","ocean_second_sidebar":"0","ocean_disable_margins":"enable","ocean_add_body_class":"","ocean_shortcode_before_top_bar":"","ocean_shortcode_after_top_bar":"","ocean_shortcode_before_header":"","ocean_shortcode_after_header":"","ocean_has_shortcode":"","ocean_shortcode_after_title":"","ocean_shortcode_before_footer_widgets":"","ocean_shortcode_after_footer_widgets":"","ocean_shortcode_before_footer_bottom":"","ocean_shortcode_after_footer_bottom":"","ocean_display_top_bar":"default","ocean_display_header":"default","ocean_header_style":"","ocean_center_header_left_menu":"0","ocean_custom_header_template":"0","ocean_custom_logo":0,"ocean_custom_retina_logo":0,"ocean_custom_logo_max_width":0,"ocean_custom_logo_tablet_max_width":0,"ocean_custom_logo_mobile_max_width":0,"ocean_custom_logo_max_height":0,"ocean_custom_logo_tablet_max_height":0,"ocean_custom_logo_mobile_max_height":0,"ocean_header_custom_menu":"0","ocean_menu_typo_font_family":"0","ocean_menu_typo_font_subset":"","ocean_menu_typo_font_size":0,"ocean_menu_typo_font_size_tablet":0,"ocean_menu_typo_font_size_mobile":0,"ocean_menu_typo_font_size_unit":"px","ocean_menu_typo_font_weight":"","ocean_menu_typo_font_weight_tablet":"","ocean_menu_typo_font_weight_mobile":"","ocean_menu_typo_transform":"","ocean_menu_typo_transform_tablet":"","ocean_menu_typo_transform_mobile":"","ocean_menu_typo_line_height":0,"ocean_menu_typo_line_height_tablet":0,"ocean_menu_typo_line_height_mobile":0,"ocean_menu_typo_line_height_unit":"","ocean_menu_typo_spacing":0,"ocean_menu_typo_spacing_tablet":0,"ocean_menu_typo_spacing_mobile":0,"ocean_menu_typo_spacing_unit":"","ocean_menu_link_color":"","ocean_menu_link_color_hover":"","ocean_menu_link_color_active":"","ocean_menu_link_background":"","ocean_menu_link_hover_background":"","ocean_menu_link_active_background":"","ocean_menu_social_links_bg":"","ocean_menu_social_hover_links_bg":"","ocean_menu_social_links_color":"","ocean_menu_social_hover_links_color":"","ocean_disable_title":"default","ocean_disable_heading":"default","ocean_post_title":"","ocean_post_subheading":"","ocean_post_title_style":"","ocean_post_title_background_color":"","ocean_post_title_background":0,"ocean_post_title_bg_image_position":"","ocean_post_title_bg_image_attachment":"","ocean_post_title_bg_image_repeat":"","ocean_post_title_bg_image_size":"","ocean_post_title_height":0,"ocean_post_title_bg_overlay":0.5,"ocean_post_title_bg_overlay_color":"","ocean_disable_breadcrumbs":"default","ocean_breadcrumbs_color":"","ocean_breadcrumbs_separator_color":"","ocean_breadcrumbs_links_color":"","ocean_breadcrumbs_links_hover_color":"","ocean_display_footer_widgets":"default","ocean_display_footer_bottom":"default","ocean_custom_footer_template":"0","omw_enable_modal_window":"enable","footnotes":""},"class_list":["post-899","page","type-page","status-publish","hentry","entry","owp-thumbs-layout-horizontal","owp-btn-normal","owp-tabs-layout-horizontal","has-no-thumbnails"],"_links":{"self":[{"href":"https:\/\/dorukkristalyasam.com\/index.php?rest_route=\/wp\/v2\/pages\/899","targetHints":{"allow":["GET"]}}],"collection":[{"href":"https:\/\/dorukkristalyasam.com\/index.php?rest_route=\/wp\/v2\/pages"}],"about":[{"href":"https:\/\/dorukkristalyasam.com\/index.php?rest_route=\/wp\/v2\/types\/page"}],"author":[{"embeddable":true,"href":"https:\/\/dorukkristalyasam.com\/index.php?rest_route=\/wp\/v2\/users\/1"}],"replies":[{"embeddable":true,"href":"https:\/\/dorukkristalyasam.com\/index.php?rest_route=%2Fwp%2Fv2%2Fcomments&post=899"}],"version-history":[{"count":2,"href":"https:\/\/dorukkristalyasam.com\/index.php?rest_route=\/wp\/v2\/pages\/899\/revisions"}],"predecessor-version":[{"id":904,"href":"https:\/\/dorukkristalyasam.com\/index.php?rest_route=\/wp\/v2\/pages\/899\/revisions\/904"}],"wp:attachment":[{"href":"https:\/\/dorukkristalyasam.com\/index.php?rest_route=%2Fwp%2Fv2%2Fmedia&parent=899"}],"curies":[{"name":"wp","href":"https:\/\/api.w.org\/{rel}","templated":true}]}}